{"id":317,"date":"2023-04-04T17:18:41","date_gmt":"2023-04-04T17:18:41","guid":{"rendered":"https:\/\/fsmgroup.cl\/?page_id=317"},"modified":"2025-11-27T15:36:03","modified_gmt":"2025-11-27T15:36:03","slug":"acerca-de-nosotros","status":"publish","type":"page","link":"https:\/\/ffitnessgimnasio.cl\/?page_id=317","title":{"rendered":"Nosotros"},"content":{"rendered":"\t\t<div data-elementor-type=\"wp-page\" data-elementor-id=\"317\" class=\"elementor elementor-317\">\n\t\t\t\t<div class=\"elementor-element elementor-element-1ba5bf5 e-con-full e-grid elementor-invisible e-con e-parent\" data-id=\"1ba5bf5\" data-element_type=\"container\" data-e-type=\"container\" data-settings=\"{&quot;background_background&quot;:&quot;classic&quot;,&quot;animation&quot;:&quot;fadeIn&quot;}\">\n\t\t\t\t<div class=\"elementor-element elementor-element-c9b6c76 elementor-widget elementor-widget-image\" data-id=\"c9b6c76\" data-element_type=\"widget\" data-e-type=\"widget\" data-widget_type=\"image.default\">\n\t\t\t\t<div class=\"elementor-widget-container\">\n\t\t\t\t\t\t\t\t\t\t\t\t\t\t\t\t<a href=\"https:\/\/ffitnessgimnasio.cl\/ffitness-chillan\/\">\n\t\t\t\t\t\t\t<img fetchpriority=\"high\" decoding=\"async\" width=\"800\" height=\"960\" src=\"https:\/\/ffitnessgimnasio.cl\/wp-content\/uploads\/2025\/11\/Sin-titulo-2-02-1-853x1024.webp\" class=\"attachment-large size-large wp-image-2179\" alt=\"\" srcset=\"https:\/\/ffitnessgimnasio.cl\/wp-content\/uploads\/2025\/11\/Sin-titulo-2-02-1-853x1024.webp 853w, https:\/\/ffitnessgimnasio.cl\/wp-content\/uploads\/2025\/11\/Sin-titulo-2-02-1-250x300.webp 250w, https:\/\/ffitnessgimnasio.cl\/wp-content\/uploads\/2025\/11\/Sin-titulo-2-02-1-768x922.webp 768w, https:\/\/ffitnessgimnasio.cl\/wp-content\/uploads\/2025\/11\/Sin-titulo-2-02-1.webp 900w\" sizes=\"(max-width: 800px) 100vw, 800px\" \/>\t\t\t\t\t\t\t\t<\/a>\n\t\t\t\t\t\t\t\t\t\t\t\t\t\t\t<\/div>\n\t\t\t\t<\/div>\n\t\t\t\t<div class=\"elementor-element elementor-element-2359117 elementor-widget elementor-widget-image\" data-id=\"2359117\" data-element_type=\"widget\" data-e-type=\"widget\" data-widget_type=\"image.default\">\n\t\t\t\t<div class=\"elementor-widget-container\">\n\t\t\t\t\t\t\t\t\t\t\t\t\t\t\t\t<a href=\"https:\/\/ffitnessgimnasio.cl\/fitness-retro-chillan\/\">\n\t\t\t\t\t\t\t<img decoding=\"async\" width=\"800\" height=\"960\" src=\"https:\/\/ffitnessgimnasio.cl\/wp-content\/uploads\/2025\/11\/Sin-titulo-2-01-1-853x1024.webp\" class=\"attachment-large size-large wp-image-2178\" alt=\"\" srcset=\"https:\/\/ffitnessgimnasio.cl\/wp-content\/uploads\/2025\/11\/Sin-titulo-2-01-1-853x1024.webp 853w, https:\/\/ffitnessgimnasio.cl\/wp-content\/uploads\/2025\/11\/Sin-titulo-2-01-1-250x300.webp 250w, https:\/\/ffitnessgimnasio.cl\/wp-content\/uploads\/2025\/11\/Sin-titulo-2-01-1-768x922.webp 768w, https:\/\/ffitnessgimnasio.cl\/wp-content\/uploads\/2025\/11\/Sin-titulo-2-01-1.webp 900w\" sizes=\"(max-width: 800px) 100vw, 800px\" \/>\t\t\t\t\t\t\t\t<\/a>\n\t\t\t\t\t\t\t\t\t\t\t\t\t\t\t<\/div>\n\t\t\t\t<\/div>\n\t\t\t\t<div class=\"elementor-element elementor-element-b6cc6d0 elementor-widget elementor-widget-image\" data-id=\"b6cc6d0\" data-element_type=\"widget\" data-e-type=\"widget\" data-widget_type=\"image.default\">\n\t\t\t\t<div class=\"elementor-widget-container\">\n\t\t\t\t\t\t\t\t\t\t\t\t\t\t\t\t<a href=\"https:\/\/ffitnessgimnasio.cl\/ffitness-los-angeles\/\">\n\t\t\t\t\t\t\t<img decoding=\"async\" width=\"800\" height=\"960\" src=\"https:\/\/ffitnessgimnasio.cl\/wp-content\/uploads\/2025\/11\/Sin-titulo-2-03-1-853x1024.webp\" class=\"attachment-large size-large wp-image-2180\" alt=\"\" srcset=\"https:\/\/ffitnessgimnasio.cl\/wp-content\/uploads\/2025\/11\/Sin-titulo-2-03-1-853x1024.webp 853w, https:\/\/ffitnessgimnasio.cl\/wp-content\/uploads\/2025\/11\/Sin-titulo-2-03-1-250x300.webp 250w, https:\/\/ffitnessgimnasio.cl\/wp-content\/uploads\/2025\/11\/Sin-titulo-2-03-1-768x922.webp 768w, https:\/\/ffitnessgimnasio.cl\/wp-content\/uploads\/2025\/11\/Sin-titulo-2-03-1.webp 900w\" sizes=\"(max-width: 800px) 100vw, 800px\" \/>\t\t\t\t\t\t\t\t<\/a>\n\t\t\t\t\t\t\t\t\t\t\t\t\t\t\t<\/div>\n\t\t\t\t<\/div>\n\t\t\t\t<div class=\"elementor-element elementor-element-aa8bcb8 elementor-widget elementor-widget-image\" data-id=\"aa8bcb8\" data-element_type=\"widget\" data-e-type=\"widget\" data-widget_type=\"image.default\">\n\t\t\t\t<div class=\"elementor-widget-container\">\n\t\t\t\t\t\t\t\t\t\t\t\t\t\t\t\t<a href=\"https:\/\/ffitnessgimnasio.cl\/fitness-retro-temuco\/\">\n\t\t\t\t\t\t\t<img loading=\"lazy\" decoding=\"async\" width=\"800\" height=\"960\" src=\"https:\/\/ffitnessgimnasio.cl\/wp-content\/uploads\/2025\/11\/Sin-titulo-2-04-1-853x1024.webp\" class=\"attachment-large size-large wp-image-2181\" alt=\"\" srcset=\"https:\/\/ffitnessgimnasio.cl\/wp-content\/uploads\/2025\/11\/Sin-titulo-2-04-1-853x1024.webp 853w, https:\/\/ffitnessgimnasio.cl\/wp-content\/uploads\/2025\/11\/Sin-titulo-2-04-1-250x300.webp 250w, https:\/\/ffitnessgimnasio.cl\/wp-content\/uploads\/2025\/11\/Sin-titulo-2-04-1-768x922.webp 768w, https:\/\/ffitnessgimnasio.cl\/wp-content\/uploads\/2025\/11\/Sin-titulo-2-04-1.webp 900w\" sizes=\"(max-width: 800px) 100vw, 800px\" \/>\t\t\t\t\t\t\t\t<\/a>\n\t\t\t\t\t\t\t\t\t\t\t\t\t\t\t<\/div>\n\t\t\t\t<\/div>\n\t\t\t\t<\/div>\n\t\t\t\t<section class=\"elementor-section elementor-top-section elementor-element elementor-element-b047681 elementor-section-boxed elementor-section-height-default elementor-section-height-default\" data-id=\"b047681\" data-element_type=\"section\" data-e-type=\"section\">\n\t\t\t\t\t\t<div class=\"elementor-container elementor-column-gap-default\">\n\t\t\t\t\t<div class=\"elementor-column elementor-col-100 elementor-top-column elementor-element elementor-element-9376b80 elementor-invisible\" data-id=\"9376b80\" data-element_type=\"column\" data-e-type=\"column\" data-settings=\"{&quot;animation&quot;:&quot;fadeInRight&quot;}\">\n\t\t\t<div class=\"elementor-widget-wrap elementor-element-populated\">\n\t\t\t\t\t\t<section class=\"elementor-section elementor-inner-section elementor-element elementor-element-74ad41e elementor-section-boxed elementor-section-height-default elementor-section-height-default\" data-id=\"74ad41e\" data-element_type=\"section\" data-e-type=\"section\">\n\t\t\t\t\t\t<div class=\"elementor-container elementor-column-gap-default\">\n\t\t\t\t\t<div class=\"elementor-column elementor-col-100 elementor-inner-column elementor-element elementor-element-c545f15\" data-id=\"c545f15\" data-element_type=\"column\" data-e-type=\"column\">\n\t\t\t<div class=\"elementor-widget-wrap elementor-element-populated\">\n\t\t\t\t\t\t<div class=\"elementor-element elementor-element-ea8e912 elementor-widget elementor-widget-heading\" data-id=\"ea8e912\" data-element_type=\"widget\" data-e-type=\"widget\" data-widget_type=\"heading.default\">\n\t\t\t\t<div class=\"elementor-widget-container\">\n\t\t\t\t\t<h2 class=\"elementor-heading-title elementor-size-default\">Acerca de los Gimnasios FFITNESS<\/h2>\t\t\t\t<\/div>\n\t\t\t\t<\/div>\n\t\t\t\t\t<\/div>\n\t\t<\/div>\n\t\t\t\t\t<\/div>\n\t\t<\/section>\n\t\t\t\t\t<\/div>\n\t\t<\/div>\n\t\t\t\t\t<\/div>\n\t\t<\/section>\n\t\t\t\t<section class=\"elementor-section elementor-top-section elementor-element elementor-element-65331a5 elementor-section-boxed elementor-section-height-default elementor-section-height-default\" data-id=\"65331a5\" data-element_type=\"section\" data-e-type=\"section\">\n\t\t\t\t\t\t<div class=\"elementor-container elementor-column-gap-default\">\n\t\t\t\t\t<div class=\"elementor-column elementor-col-100 elementor-top-column elementor-element elementor-element-d816330 elementor-invisible\" data-id=\"d816330\" data-element_type=\"column\" data-e-type=\"column\" data-settings=\"{&quot;animation&quot;:&quot;fadeInRight&quot;}\">\n\t\t\t<div class=\"elementor-widget-wrap elementor-element-populated\">\n\t\t\t\t\t\t<div class=\"elementor-element elementor-element-9f3e0ea elementor-widget elementor-widget-heading\" data-id=\"9f3e0ea\" data-element_type=\"widget\" data-e-type=\"widget\" data-widget_type=\"heading.default\">\n\t\t\t\t<div class=\"elementor-widget-container\">\n\t\t\t\t\t<h2 class=\"elementor-heading-title elementor-size-default\">Nuestra Misi\u00f3n<\/h2>\t\t\t\t<\/div>\n\t\t\t\t<\/div>\n\t\t\t\t<div class=\"elementor-element elementor-element-6fd2268 elementor-widget elementor-widget-text-editor\" data-id=\"6fd2268\" data-element_type=\"widget\" data-e-type=\"widget\" data-widget_type=\"text-editor.default\">\n\t\t\t\t<div class=\"elementor-widget-container\">\n\t\t\t\t\t\t\t\t\t<p>Brindar soluciones de la mejor calidad a trav\u00e9s de la comercializaci\u00f3n y distribuci\u00f3n de nuestros equipos cardiovasculares y musculares a nivel nacional e internacional, para contribuir al desarrollo de empresas en v\u00edas de expansi\u00f3n o en proceso de crecimiento del rubro de la salud y bienestar de la poblaci\u00f3n. (centros kinesiol\u00f3gicos, gimnasios comerciales, centros de salud, gimnasio boutique, box entrenamiento funcional, centros deportivos, entre otros).<\/p>\t\t\t\t\t\t\t\t<\/div>\n\t\t\t\t<\/div>\n\t\t\t\t<div class=\"elementor-element elementor-element-2eeb3cd elementor-widget elementor-widget-text-editor\" data-id=\"2eeb3cd\" data-element_type=\"widget\" data-e-type=\"widget\" data-widget_type=\"text-editor.default\">\n\t\t\t\t<div class=\"elementor-widget-container\">\n\t\t\t\t\t\t\t\t\t<p>Solo trabajamos con m\u00e1quinas americanas de calidad garantizada con los m\u00e1s altos est\u00e1ndares que se exigen a nivel mundial, con una trayectoria de cada una de las marcas con m\u00e1s de 20 a\u00f1os de Experiencia.<\/p>\t\t\t\t\t\t\t\t<\/div>\n\t\t\t\t<\/div>\n\t\t\t\t\t<\/div>\n\t\t<\/div>\n\t\t\t\t\t<\/div>\n\t\t<\/section>\n\t\t\t\t<section class=\"elementor-section elementor-top-section elementor-element elementor-element-d1eb26a elementor-section-boxed elementor-section-height-default elementor-section-height-default\" data-id=\"d1eb26a\" data-element_type=\"section\" data-e-type=\"section\">\n\t\t\t\t\t\t<div class=\"elementor-container elementor-column-gap-default\">\n\t\t\t\t\t<div class=\"elementor-column elementor-col-100 elementor-top-column elementor-element elementor-element-799d7df elementor-invisible\" data-id=\"799d7df\" data-element_type=\"column\" data-e-type=\"column\" data-settings=\"{&quot;animation&quot;:&quot;fadeInRight&quot;}\">\n\t\t\t<div class=\"elementor-widget-wrap elementor-element-populated\">\n\t\t\t\t\t\t<div class=\"elementor-element elementor-element-27e93d6 elementor-widget elementor-widget-heading\" data-id=\"27e93d6\" data-element_type=\"widget\" data-e-type=\"widget\" data-widget_type=\"heading.default\">\n\t\t\t\t<div class=\"elementor-widget-container\">\n\t\t\t\t\t<h2 class=\"elementor-heading-title elementor-size-default\">Nuestra Visi\u00f3n<\/h2>\t\t\t\t<\/div>\n\t\t\t\t<\/div>\n\t\t\t\t<div class=\"elementor-element elementor-element-26b7cc6 elementor-widget elementor-widget-text-editor\" data-id=\"26b7cc6\" data-element_type=\"widget\" data-e-type=\"widget\" data-widget_type=\"text-editor.default\">\n\t\t\t\t<div class=\"elementor-widget-container\">\n\t\t\t\t\t\t\t\t\t<p class=\"elementor-heading-title elementor-size-default\">Ser la empresa l\u00edder a nivel nacional e internacional de equipamiento deportivo con productos americanos de alta gama y as\u00ed lograr posicionarnos en el mercado del fitness, para entregar el mejor precio v\/s calidad. Nos caracterizamos por tener m\u00e1quinas top de l\u00ednea y contar con un excelente servicio de post venta con conocimiento t\u00e9cnico en las mejores marcas americanas del mercado fitness.<\/p><p class=\"elementor-heading-title elementor-size-default\">\u00a0<\/p>\t\t\t\t\t\t\t\t<\/div>\n\t\t\t\t<\/div>\n\t\t\t\t<div class=\"elementor-element elementor-element-f5ae9a2 elementor-widget elementor-widget-text-editor\" data-id=\"f5ae9a2\" data-element_type=\"widget\" data-e-type=\"widget\" data-widget_type=\"text-editor.default\">\n\t\t\t\t<div class=\"elementor-widget-container\">\n\t\t\t\t\t\t\t\t\t<p>Nuestro objetivo es aportar en Latinoam\u00e9rica una mejor salud en el estilo de vida de las personas. Tambi\u00e9n queremos estar presente en cada uno de los proyectos que emprendan nuestros clientes relacionados con el \u00e1rea de la actividad f\u00edsica y el fitness.<\/p>\t\t\t\t\t\t\t\t<\/div>\n\t\t\t\t<\/div>\n\t\t\t\t<div class=\"elementor-element elementor-element-9dcea30 elementor-widget elementor-widget-text-editor\" data-id=\"9dcea30\" data-element_type=\"widget\" data-e-type=\"widget\" data-widget_type=\"text-editor.default\">\n\t\t\t\t<div class=\"elementor-widget-container\">\n\t\t\t\t\t\t\t\t\t<p>La venta de los equipos cardiovasculares y musculares est\u00e1 tomando fuerzas en todo el mundo y nuestra empresa busca emprendedores y empresarios que quieran consolidarse en el crecimiento tanto profesional como financiero con un negocio garantizado, ya que apoyamos en todo el proceso de crecimiento.<\/p>\t\t\t\t\t\t\t\t<\/div>\n\t\t\t\t<\/div>\n\t\t\t\t<div class=\"elementor-element elementor-element-eb3deb5 elementor-widget elementor-widget-text-editor\" data-id=\"eb3deb5\" data-element_type=\"widget\" data-e-type=\"widget\" data-widget_type=\"text-editor.default\">\n\t\t\t\t<div class=\"elementor-widget-container\">\n\t\t\t\t\t\t\t\t\t<p>Realizamos env\u00edos directo de EE.UU. a su pa\u00eds.<\/p>\t\t\t\t\t\t\t\t<\/div>\n\t\t\t\t<\/div>\n\t\t\t\t\t<\/div>\n\t\t<\/div>\n\t\t\t\t\t<\/div>\n\t\t<\/section>\n\t\t\t\t<section class=\"elementor-section elementor-top-section elementor-element elementor-element-8a60ffe elementor-section-boxed elementor-section-height-default elementor-section-height-default\" data-id=\"8a60ffe\" data-element_type=\"section\" data-e-type=\"section\">\n\t\t\t\t\t\t<div class=\"elementor-container elementor-column-gap-default\">\n\t\t\t\t\t<div class=\"elementor-column elementor-col-100 elementor-top-column elementor-element elementor-element-992c2f0\" data-id=\"992c2f0\" data-element_type=\"column\" data-e-type=\"column\">\n\t\t\t<div class=\"elementor-widget-wrap elementor-element-populated\">\n\t\t\t\t\t\t<div class=\"elementor-element elementor-element-387da45 elementor-widget elementor-widget-spacer\" data-id=\"387da45\" data-element_type=\"widget\" data-e-type=\"widget\" data-widget_type=\"spacer.default\">\n\t\t\t\t<div class=\"elementor-widget-container\">\n\t\t\t\t\t\t\t<div class=\"elementor-spacer\">\n\t\t\t<div class=\"elementor-spacer-inner\"><\/div>\n\t\t<\/div>\n\t\t\t\t\t\t<\/div>\n\t\t\t\t<\/div>\n\t\t\t\t\t<\/div>\n\t\t<\/div>\n\t\t\t\t\t<\/div>\n\t\t<\/section>\n\t\t\t\t<\/div>\n\t\t","protected":false},"excerpt":{"rendered":"<p>Acerca de los Gimnasios FFITNESS Nuestra Misi\u00f3n Brindar soluciones de la mejor calidad a trav\u00e9s de la comercializaci\u00f3n y distribuci\u00f3n de nuestros equipos cardiovasculares y musculares a nivel nacional e internacional, para contribuir al desarrollo de empresas en v\u00edas de expansi\u00f3n o en proceso de crecimiento del rubro de la salud y bienestar de la [&hellip;]<\/p>\n","protected":false},"author":2,"featured_media":0,"parent":0,"menu_order":0,"comment_status":"closed","ping_status":"closed","template":"","meta":{"footnotes":""},"class_list":["post-317","page","type-page","status-publish","hentry"],"_links":{"self":[{"href":"https:\/\/ffitnessgimnasio.cl\/index.php?rest_route=\/wp\/v2\/pages\/317","targetHints":{"allow":["GET"]}}],"collection":[{"href":"https:\/\/ffitnessgimnasio.cl\/index.php?rest_route=\/wp\/v2\/pages"}],"about":[{"href":"https:\/\/ffitnessgimnasio.cl\/index.php?rest_route=\/wp\/v2\/types\/page"}],"author":[{"embeddable":true,"href":"https:\/\/ffitnessgimnasio.cl\/index.php?rest_route=\/wp\/v2\/users\/2"}],"replies":[{"embeddable":true,"href":"https:\/\/ffitnessgimnasio.cl\/index.php?rest_route=%2Fwp%2Fv2%2Fcomments&post=317"}],"version-history":[{"count":62,"href":"https:\/\/ffitnessgimnasio.cl\/index.php?rest_route=\/wp\/v2\/pages\/317\/revisions"}],"predecessor-version":[{"id":2287,"href":"https:\/\/ffitnessgimnasio.cl\/index.php?rest_route=\/wp\/v2\/pages\/317\/revisions\/2287"}],"wp:attachment":[{"href":"https:\/\/ffitnessgimnasio.cl\/index.php?rest_route=%2Fwp%2Fv2%2Fmedia&parent=317"}],"curies":[{"name":"wp","href":"https:\/\/api.w.org\/{rel}","templated":true}]}}